- 1625, -16 = 8*s - 4*s. Suppose 87 + m = 9*k. What is the tens digit of k?
8
Let d be (6/(-4))/(6/(-296)). Let p = d + -128. Let t = p + 55. What is the units digit of t?
1
Suppose 69*l - 28*l - 112996 = 0. What is the tens digit of l?
5
Suppose 0 = -3*o + 9*o - 36. Let p(t) be the first derivative of 3*t**2/2 + 9*t + 17. What is the tens digit of p(o)?
2
Let m = 365 + -363. Suppose m*k + 559 = 1979. What is the hundreds digit of k?
7
Let p(w) = 9*w - 88. Let b(v) = 2*v - 1. Let u(m) = 6*b(m) + p(m). What is the units digit of u(12)?
8
Suppose 0 = 804*l - 799*l - 140. What is the tens digit of (-7)/(l/(-16))*(-922)/(-8)?
6
Let k = -3118 - -17417. What is the ten thousands digit of k?
1
Let u(d) = -13*d + 54. Let a be u(-8). Let m = a + -121. What is the tens digit of m?
3
Let j = 39 - 37. Let c be -4 + 13 + 0 - j. Suppose 0 = -c*p + 2*p + 355. What is the tens digit of p?
7
What is the units digit of (-5 - (-266)/6)*(-45)/(-10)?
7
Let l(s) = 34763*s - 2315. What is the ten thousands digit of l(1)?
3
Suppose -79 = -d + 5*q, 395 = 6*d - d + 3*q. Let i = -55 + d. Suppose -i*n = -26*n + 44. What is the tens digit of n?
2
Suppose -7*j + 4*j + 4*v + 59 = 0, 5*v + 12 = -j. Let p(c) = c + 164. What is the tens digit of p(j)?
7
Let x(j) = 5*j**2 + 10*j + 29. Let b be (-159 - -147)*(-6)/8. What is the units digit of x(b)?
4
Let w(p) = 10*p - 340. Let a be w(13). Suppose 3*u + s + 917 = -3*s, -2*u - 2*s - 610 = 0. Let f = a - u. What is the tens digit of f?
9
Suppose 16*q + 124271 = 337599. What is the ten thousands digit of q?
1
Let b = 52 - 52. Suppose b = -3*k, 2*z - 2*k - 15 = -5. Suppose n = 4*x - 1121, -3*n + 1402 = z*x - 4*n. What is the hundreds digit of x?
2
Let l = -9590 + 14807. What is the units digit of l?
7
Suppose 9182 + 1386 = 8*v. What is the tens digit of v?
2
Let g = 44193 + -4640. What is the thousands digit of g?
9
Suppose 4532405 + 10190510 = 335*x. What is the hundreds digit of x?
9
Suppose -829478 + 617014 = -133*d + 2375849. What is the hundreds digit of d?
4
Let z = 10148 - -3010. What is the units digit of z?
8
Let t = -35 + 63. Let f be ((-2)/6)/((-1)/6). Suppose -f*a - t = -278. What is the hundreds digit of a?
1
What is the hundreds digit of (-368)/(-48) + -8 + 0 + 17576/6?
9
Let v = -416 + 713. Let o = v - 199. Suppose -4*n + o = -302. What is the tens digit of n?
0
Let q(i) = 3*i**3 - 179*i**2 + 106*i + 39. What is the hundreds digit of q(62)?
5
What is the units digit of ((-729)/18)/(66/(-48752))?
6
Suppose -2*b = -16 + 8. Suppose -3*p + 3*q + q + 3466 = 0, -b*q - 2304 = -2*p. What is the thousands digit of p?
1
Suppose 167899 = 32*p + 2651. What is the hundreds digit of p?
1
Let l(z) = 6*z**2 + 76*z - 84*z - 1 - 4 - 6. What is the tens digit of l(-7)?
3
Let h(w) = w**3 - 6*w**2 - 17*w + 15. Let z be h(8). Suppose -m = y + 62, 8*m - z*m - y = -58. Let k = 31 - m. What is the units digit of k?
1
Let h(m) = -3*m**3 - 93*m**2 - 23*m + 69. What is the units digit of h(-38)?
7
Let a be 12/(-21) + 3*(-38001)/(-63). Let n = -986 + a. What is the tens digit of n?
2
Let t = -56 + 62. Suppose -t*z = -11*z - 1855. Let d = z - -536. What is the units digit of d?
5
Let q(a) = -a**2 + 4*a - 5. Let t be q(3). Let l be t + 5 - (2 + 0). What is the units digit of 16 + -9 - (-1 + l)?
7
Let s = -568 + 570. Suppose -1035 = 4*l - d - 3380, s*d = -4*l + 2330. What is the tens digit of l?
8
Suppose -h - 32 = -5*g, 2*h + 5*g + 12 = 8. Let b(l) be the third derivative of -l**4/4 + 13*l**3/6 - l**2. What is the units digit of b(h)?
5
Let o(f) = -7*f + 5. Let l be o(-6). Let d = 56 - l. Let q = d + 28. What is the tens digit of q?
3
Let k = -152 + 235. Let j = k - 83. Suppose -5*l + 86 + 274 = j. What is the units digit of l?
2
Let r(p) = 2*p**3 + 5*p**3 - 1 - p + 187*p**2 - 4*p**3 - 182*p**2. Let z be r(-4). Let t = z + 193. What is the tens digit of t?
8
Suppose -149 = -4*f + 147 + 184. Let b be (-2)/(-2 - 0) - -2. Suppose -f = k - b*k. What is the tens digit of k?
6
Let t(r) = r. Let q(x) = 6*x - 5. Let a(i) = -i. Let d(u) = -3*a(u) - 3*q(u). Let z(j) = -d(j) + 3*t(j). What is the tens digit of z(5)?
7
Let c = 3059 - -7721. What is the units digit of c?
0
Let y = -526 - -530. What is the tens digit of (y/(-3))/((-11768)/(-11784) + -1)?
8
Suppose 4*o - 150395 = 162401. What is the ten thousands digit of o?
7
Suppose 4*d = 3*q + q + 32, -5*d - 2*q + 54 = 0. Suppose 3*c + 4*u = 952, c + 7*u = d*u + 300. What is the units digit of c?
2
Let q(n) = -n**3 + 12*n**2 + 30*n + 7. Let s be q(12). Let h = s - 271. What is the tens digit of h?
9
Let s(b) = -1416*b + 22343. What is the units digit of s(0)?
3
Suppose -3*t + 3*v - 1674 = -10602, -v = 3*t - 8940. What is the units digit of t?
9
Let w(p) = -4*p**3 - 22*p**2 - 109*p - 111. What is the hundreds digit of w(-14)?
0
Suppose f - 358 = -359. What is the hundreds digit of (13 + -6 - 8)/(f/197)?
1
Suppose -29 = 6*r - 275. Let z = 41 - r. Suppose z = -10*p + 15*p - 555. What is the units digit of p?
1
Suppose 2*w + 4 = -4*a, 0 - 3 = 3*a - 2*w. Let t be ((-452)/(-2) - 3)*a. Let z = 375 + t. What is the hundreds digit of z?
1
Suppose 5*c - 767 = -2*m, 3*c + 149 = 4*m + 630. What is the units digit of c?
5
Suppose 38*n - 197336 = 33*n - q, 0 = -3*n + 4*q + 118397. What is the units digit of n?
7
Suppose 8*k - 2*k - 88212 - 196122 = 0. What is the thousands digit of k?
7
Suppose 25 - 23 = -2*u. What is the tens digit of -6 - -9 - (-395 + u)?
9
Suppose 5*b = 2*b + 1134. Let k = 598 - b. Suppose -3*q - 4*x - k = -6*q, -3*x + 335 = 4*q. What is the tens digit of q?
8
Let n(m) = 62*m**3 - 10*m**2 - 48*m + 292. What is the tens digit of n(8)?
1
What is the tens digit of (-1)/(-2)*(-3 + 1 + -2) + 18831?
2
Let j(g) be the first derivative of -g**4/4 - g**3 + 5*g**2/2 + 6*g - 13. Let i be j(-4). Suppose -368 = i*k - 10*k. What is the tens digit of k?
4
Let t be 5 - 7/((-21)/(-9)). Suppose -4*y + t*d = -1070 - 332, 3*y - 1034 = -2*d. Suppose -5*x + 5*j = -375, 5*x + j - y = -3*j. What is the tens digit of x?
7
Suppose 0 = -10*i + 11*i - 2. Suppose -i*c + 2*h + 12 = 0, 2*c + 5*h + 16 = -0*c. Suppose 0 = 4*j + c*j - 294. What is the tens digit of j?
4
Let k(j) = -j**3 + 10*j**2 - 7*j + 11. Let g be k(9). Suppose 27*c - g*c = -164. What is the tens digit of c?
8
Suppose -5*r = -h + 7, -5*r + 9 - 12 = h. What is the units digit of 434 - h - (-9 + 10)?
1
Suppose 36 = 17*k - 21*k. Let y be 3/k - (-3280)/(-15). Let w = 394 + y. What is the tens digit of w?
7
Let u = 47656 - 31816. What is the tens digit of u?
4
Suppose 0 = -4*n + z - 3*z + 2626, 0 = 4*n - 3*z - 2671. What is the hundreds digit of n?
6
Suppose 87254 = 4*b + h, -50453 = -5*b + 3*h + 58589. What is the tens digit of b?
1
Let l = 15860 + 869. What is the units digit of l?
9
Let m(p) = 89*p - 62. Suppose 3*x + z = -3*z + 16, x - z = 10. What is the units digit of m(x)?
0
Suppose 0 = -3*q - 2*o + 11325, -q - 12*o = -10*o - 3775. What is the tens digit of q?
7
Let g(x) = 512*x + 13872. What is the units digit of g(0)?
2
Suppose 2*p - 10 = 5*d, 10 = -2*p + 4*p. Suppose d = -5*j - 7 + 17. Suppose 3*f - 2*r - 569 = 0, -3*f + 955 = j*f - 5*r. What is the hundreds digit of f?
1
Let w(b) = 744*b**2 + 10*b - 29. What is the thousands digit of w(3)?
6
What is the units digit of 13 + 70/(-7) + 1/2*20414?
0
Suppose 4*u = 3*j - 14785, 4*u - 20016 = -3*j - 5215. What is the units digit of j?
1
What is the thousands digit of 85*(-470)/(0 - 10)?
3
Let r = -508 - -508. Suppose f + 2*d = 373, -2*f - 123*d + 120*d + 741 = r. What is the units digit of f?
3
Suppose -4*w + 231 = -5*c, 54 = -w + 2*w - 2*c. Let o = 337 + w. What is the units digit of o?
1
Suppose -9*n = -4*n - i + 2174, -4*n - 1728 = 2*i. Let g = n - -815. What is the units digit of g?
1
Suppose 26 = f - 5*h, 0 = -12*f + 10*f + h + 43. Suppose f*v - 14525 - 9940 = 0. What is the thousands digit of v?
1
Suppose 3*m + 0*m = -5*k + 46, 3*k - 14 = 5*m. Suppose 1296 = k*y - 0*y. What is the units digit of y?
2
Suppose 7*f = -30 - 26. Let l(q) = -30*q + 22. What is the units digit of l(f)?
2
Let o = -2638 + 4085. What is the hundreds digit of o?
4
What is the tens digit of 1*8/(-4)*(-2)/(-4) - -25007?
0
Suppose 4 = -3*y + 13. Let i(s) = -3*s + 15. Let r be i(5). Suppose 5*b - 3*a - 528 = -r*b, 312 = 3*b + y*a. What is t